{"id":230,"date":"2019-11-02T16:59:57","date_gmt":"2019-11-02T16:59:57","guid":{"rendered":"http:\/\/pnevent.de\/?page_id=230"},"modified":"2019-11-02T17:20:30","modified_gmt":"2019-11-02T17:20:30","slug":"jobs","status":"publish","type":"page","link":"https:\/\/pnevent.de\/?page_id=230","title":{"rendered":"JOBS"},"content":{"rendered":"\n<h2 class=\"wp-block-heading\">Warum arbeitest Du eigentlich nicht bei uns?<\/h2>\n\n\n\n<\/br>\n\n\n\n<p class=\"has-medium-font-size\"><strong>Wir suchen Kollegen die Gastronomie im Blut haben:<\/strong> <\/p>\n\n\n\n<p class=\"has-medium-font-size\">Serviskraft, Barmixer, Koch, Logistiker.<\/p>\n\n\n\n<p class=\"has-medium-font-size\">F\u00fcr Vollzeit, Teilzeit und Minijobs<\/p>\n\n\n\n<\/br>\n\n\n\n<p class=\"has-medium-font-size\">&#8211; mit oder ohne Berufserfahrung<br>&#8211; die positiv gestimmt sind<br>&#8211; die Teamplayer sind<br>&#8211; die flexibel sind<br>&#8211; die bereit sind auch mal \u00dcberstunden zu machen (nat\u00fcrlich bezahlt)<br>&#8211; die sich kreativ einbringen wollen<\/p>\n\n\n\n<\/br>\n\n\n\n<p class=\"has-medium-font-size\"><strong>Das bieten wir dir:<br><\/strong>&#8211; flexible Arbeitszeiten<br>&#8211; ein tolles (und sch\u00f6n verr\u00fccktes) Team<br>&#8211; eine abwechslungsreiche Arbeitsplatz<br>&#8211; eine freundliche Arbeitsatmosph\u00e4re<br>&#8211; \u00dcberstundenverg\u00fctung<br>&#8211; Wertsch\u00e4tzung der Life-Balance &#8211; viel Arbeit &#8211; ausreichend Freizeit<br>&#8211; Freie Zeiteinteilung<br><\/p>\n\n\n\n<p class=\"has-medium-font-size\">Bist du interessiert, dann Bewirb dich ganz einfach telefonisch oder per Mail. <a href=\"http:\/\/pnevent.de\/?page_id=17\">Kontakt<\/a><\/p>\n","protected":false},"excerpt":{"rendered":"<p>Warum arbeitest Du eigentlich nicht bei uns? Wir suchen Kollegen die Gastronomie im Blut haben: Serviskraft, Barmixer, Koch, Logistiker. F\u00fcr Vollzeit, Teilzeit und Minijobs &#8211; mit oder ohne Berufserfahrung&#8211; die positiv gestimmt sind&#8211; die Teamplayer sind&#8211; die flexibel sind&#8211; die bereit sind auch mal \u00dcberstunden zu machen (nat\u00fcrlich bezahlt)&#8211; die sich kreativ einbringen wollen Das [&hellip;]<\/p>\n","protected":false},"author":1,"featured_media":0,"parent":0,"menu_order":0,"comment_status":"closed","ping_status":"closed","template":"","meta":{"footnotes":""},"class_list":["post-230","page","type-page","status-publish","hentry"],"_links":{"self":[{"href":"https:\/\/pnevent.de\/index.php?rest_route=\/wp\/v2\/pages\/230"}],"collection":[{"href":"https:\/\/pnevent.de\/index.php?rest_route=\/wp\/v2\/pages"}],"about":[{"href":"https:\/\/pnevent.de\/index.php?rest_route=\/wp\/v2\/types\/page"}],"author":[{"embeddable":true,"href":"https:\/\/pnevent.de\/index.php?rest_route=\/wp\/v2\/users\/1"}],"replies":[{"embeddable":true,"href":"https:\/\/pnevent.de\/index.php?rest_route=%2Fwp%2Fv2%2Fcomments&post=230"}],"version-history":[{"count":0,"href":"https:\/\/pnevent.de\/index.php?rest_route=\/wp\/v2\/pages\/230\/revisions"}],"wp:attachment":[{"href":"https:\/\/pnevent.de\/index.php?rest_route=%2Fwp%2Fv2%2Fmedia&parent=230"}],"curies":[{"name":"wp","href":"https:\/\/api.w.org\/{rel}","templated":true}]}}